mmon factor of g and 99?
9
Suppose 5*r + 0 = -2*p - 43, -2*p - 15 = r. Let y be 2*1 - (1 + r). Let s(z) = 3*z - 12. Let c be s(y). Calculate the greatest common divisor of c and 96.
12
Suppose 1078 = -8*r + 22*r. What is the greatest common divisor of r and 2849?
77
Suppose -s + 4*m = 2*s - 100, -2*m = 8. Let a = -1430 + 2487. Suppose 5*c = a - 357. What is the greatest common divisor of s and c?
28
Let q = 110 + -95. Let u = 78 - q. What is the highest common factor of 42 and u?
21
Suppose 11 = -5*n - 4*q, -4*q - 24 = -4*n + q. Let b be 2 + -3 + 12 + n. Let z = -29 + 125. Calculate the highest common divisor of b and z.
12
Let f(m) = -3*m + 5. Let w be f(-10). What is the highest common factor of 14 and w?
7
Suppose -11*g = -21*g - 140. Let k = g + 31. What is the highest common divisor of 85 and k?
17
Suppose -w = 6*g - 5*g - 217, 3 = 3*g. What is the highest common factor of w and 16?
8
Suppose -b - 8 = -5*b. Suppose 2*h - 21 = -h + 5*w, 3*w + 15 = 3*h. Calculate the highest common factor of h and b.
2
Suppose -5*g + b = -258, 8*b = 11*b + 9. Calculate the greatest common divisor of 3 and g.
3
Let k be 4*(70/(-8))/5. Let b(c) = -c**2 - 7*c + 2. Let n be b(k). Suppose 8*m - 14 - 2 = 0. Calculate the highest common divisor of m and n.
2
Let x(b) = -14*b**2 - 4*b - 3. Let u be x(-2). Let r be u/7 + (-2)/(-7). Let g = r + 18. What is the greatest common divisor of g and 55?
11
Let f = -33 - -44. Suppose 0 = -6*q + f*q - 5. What is the greatest common divisor of 11 and q?
1
Let g(c) = -5*c + 4. Let r be g(-3). Suppose -4*x + 14 - 2 = 0. Suppose 71 = 2*b - 5*o - r, -2*b - x*o = -106. What is the greatest common divisor of b and 10?
10
Let m = 478 - 274. Calculate the greatest common factor of m and 12.
12
Suppose -3*y = -8*y. Suppose y = 3*d - 4 + 1, 5*d = -4*k + 29. Calculate the greatest common divisor of k and 3.
3
Let w(i) = -i**3 - 2*i**2 - 2*i - 3. Let k be w(-2). Let r be k/(-3) + (-2317)/(-21). Suppose -q - 14 + r = 0. Calculate the greatest common factor of q and 24.
24
Let h(j) = -j**2 - 35*j - 24. Let k be h(-20). What is the highest common factor of 12 and k?
12
Let p(i) = -i**2 + 3*i + 2. Suppose 0 = 14*k - 11*k - 6. Let q be p(k). Calculate the highest common divisor of 20 and q.
4
Let b = -222 - -245. Calculate the highest common divisor of 23 and b.
23
Let f = -10 + 1. Let g(u) = -u**3 - 10*u**2 - 16*u + 2. Let q be g(f). What is the highest common divisor of q and 13?
13
Suppose 2*w - 9*w + 140 = 0. Suppose 2*q - 45 = 315. Calculate the greatest common factor of w and q.
20
Let b be -127 - -123 - (1 - (-1 - -30)). What is the greatest common divisor of 45 and b?
3
Suppose -4*y = -13 + 5. Suppose -s = -0*r + 2*r - 35, 0 = y*r - 4*s - 40. Suppose -340 = 4*x - 348. What is the greatest common divisor of r and x?
2
Suppose 8 = 4*m - 4*s, 2*s - 2 = 3*m - 12. Calculate the highest common factor of 750 and m.
6
Let y = -2142 - -2164. Let o(m) = 6*m**2 - 2*m + 2. Let d be o(2). Calculate the highest common divisor of d and y.
22
Let q = -49 + 51. What is the highest common divisor of 22 and q?
2
Let v be 9 + 0/(-2 - -1). Suppose 3*k = v*k - 168. Calculate the greatest common divisor of k and 168.
28
Let b be (-1)/(-1) + 52/4. Let x be (8/(-6))/((-132)/4851). Calculate the highest common factor of b and x.
7
Let c = 16 + -1. Let a = 8910 - 8850. What is the greatest common factor of c and a?
15
Let t = 0 - 6. Let m = 1 - t. Suppose 0 = -q + m + 4. Calculate the highest common divisor of 33 and q.
11
Suppose 64 = z - 310. Let a be (-8)/(-36) - z/(-18). What is the highest common divisor of a and 84?
21
Let l be 8/(291/96 - 3). Let g be 64/6*(11 + -8). Calculate the greatest common factor of g and l.
32
Let q(l) = -58*l - 326. Let g be q(-8). Suppose 0*k + 46 = 2*k. Calculate the greatest common divisor of g and k.
23
Suppose -35 - 7 = -3*s. Let q = -14 + s. Suppose 2*t - n + 0 - 7 = q, 3*t = 4*n - 2. What is the highest common factor of 6 and t?
6
Suppose -2*z + 14 = -5*b, -52 = -4*z - z + 4*b. Let h be (-49)/(-28)*(-72)/(-21). Calculate the highest common factor of h and z.
6
Let z(v) = -v**2 - 1. Let x be z(-3). Let s(k) = k**3 + 11*k**2 + 6*k - 6. Let u be s(x). What is the highest common divisor of u and 51?
17
Let g(t) be the second derivative of -t**4/12 - 2*t**3/3 + 7*t**2/2 + t. Let y be g(-5). Suppose c + 1 = y*c. Calculate the greatest common factor of c and 5.
1
Let s be (5 + (-11)/3)*45. What is the highest common factor of s and 140?
20
Let r = -139 - -251. What is the highest common divisor of 16 and r?
16
Let x be 3/(-9) + 38/6. Let y = -612 - -616. What is the highest common factor of y and x?
2
Suppose 0 = 16*v - 844 - 884. Calculate the greatest common divisor of 36 and v.
36
Let v be ((-12)/(-21))/(3/168). What is the greatest common factor of 56 and v?
8
Let m = 2134 + -1159. Calculate the highest common factor of m and 30.
15
Suppose 0 = -u + 3*q + 147, -511*q + 512*q = -4*u + 575. Calculate the highest common divisor of 120 and u.
24
Suppose 0 = 14*p - 122 + 542. Let c(i) = i**2 + 4*i + 6. Let n be c(5). Let b be (-4)/p*5*n. What is the highest common factor of 306 and b?
34
Let w = -256 + 621. What is the greatest common factor of 5 and w?
5
Suppose -7*k + 1058 = 16*k. Calculate the highest common factor of 483 and k.
23
Let s = 10 - 10. Suppose -5*x - 3*z + 38 = s, 2*x - z - 5 - 8 = 0. Suppose -v - x = -20. What is the highest common factor of v and 65?
13
Let m be -30*(-5 - (-7)/14). What is the greatest common factor of 81 and m?
27
Suppose o + 2 = 8. Let m = 378 + -363. What is the greatest common divisor of o and m?
3
Let p(j) = 6*j**2 + 5*j - 14. Let k be p(-3). What is the highest common divisor of k and 90?
5
Let k = 1411 + -1088. What is the highest common factor of 68 and k?
17
Let x(s) = -29 + 6*s + 6*s - 5*s + 4*s. Let f be x(4). Calculate the greatest common factor of f and 3.
3
Let u(o) = -o**3 + 20*o**2 + 61*o - 5. Let x be u(22). What is the highest common divisor of x and 984?
123
Let n be 1*11*22/2. Let g be (-32)/(0 + -2) - 4. Suppose a = 3*w - 38, 2*w - 20 = 2*a + g. Calculate the highest common divisor of n and w.
11
Let y(r) = 2*r**3 + 120*r**2 + 108*r - 123. Let p be y(-59). What is the greatest common divisor of p and 1?
1
Let h be (-13)/(26/(-108))*1. Suppose -2*r - h = -3*m - m, 2*m = 5*r + 23. Calculate the greatest common divisor of m and 14.
14
Let n be (-106)/(26/198 - 2/9). Suppose -n = 12*v - 34*v. What is the highest common factor of 424 and v?
53
Suppose -5*g = p - 14, 0*g = 2*p + 3*g - 42. Let n = 34 - p. What is the highest common divisor of n and 5?
5
Let n = 120 - 82. Suppose -7*l - n = -2*m - 3*l, 2*m - 5*l - 43 = 0. Let j be 470/m + 8/(-36). Calculate the highest common factor of j and 26.
26
Let c be ((-6)/(-9))/((-4)/(-126)). Let q = c - -3. Calculate the greatest common factor of q and 36.
12
Let c(j) = 67*j - 4. Let l be c(4). Let q(f) = 21*f**2 + 5*f - 2. Let k be q(1). Calculate the greatest common factor of k and l.
24
Let q = -125 + 126. Let c be (-5)/((-80)/28)*-4. Let s = -2 - c. What is the highest common divisor of s and q?
1
Let b(y) = -y**2 - 11*y + 7. Let u = 45 - 52. Let r be b(u). What is the highest common divisor of r and 5?
5
Suppose -o + 3*x + 9 = 3, 2*o - 3*x = -3. Let b(z) = -5*z - 10. Let j be b(o). Suppose -5*n + j = -0*n. What is the highest common factor of 35 and n?
7
Suppose 0 = h + 1, -z - 35 = -3*h + 4*h. Let f = -728 + 727. Let r be (z/2 - f)/(-2). Calculate the highest common factor of r and 24.
8
Suppose 64 = -15*n + 244. Calculate the greatest common divisor of n and 996.
12
Let y be (8/6)/(-2)*(-1386)/4. What is the greatest common divisor of y and 99?
33
Let m(t) = -31*t - 248. Let b be m(-15). What is the highest common divisor of 7 and b?
7
Let f = -512 - -692. Calculate the highest common divisor of f and 100.
20
Suppose -608 = -4*q + 4*v, 9*v - 626 = -4*q + 4*v. Calculate the highest common divisor of 14 and q.
14
Let a = 15 - 0. Let n(k) = k**2 - k - 9. Let p be n(0). Let q = p + a. What is the greatest common divisor of 2 and q?
2
Let i = 72 + 18. Suppose i = g + 4*g. Calculate the greatest common factor of g and 18.
18
Suppose 2*v = -0*m + 3*m - 368, -4*m = -5*v - 479. What is the greatest common factor of m and 18?
18
Suppose -1